[INFO] cloning repository https://github.com/sleibrock/lpfx-rs
[INFO] running `Command { std: "git" "-c" "credential.helper=" "-c" "credential.helper=/workspace/cargo-home/bin/git-credential-null" "clone" "--bare" "https://github.com/sleibrock/lpfx-rs" "/workspace/cache/git-repos/https%3A%2F%2Fgithub.com%2Fsleibrock%2Flpfx-rs", kill_on_drop: false }`
[INFO] [stderr] Cloning into bare repository '/workspace/cache/git-repos/https%3A%2F%2Fgithub.com%2Fsleibrock%2Flpfx-rs'...
[INFO] running `Command { std: "git" "rev-parse" "HEAD", kill_on_drop: false }`
[INFO] [stdout] 1f1a95b51644894f760115d96644a86696921d4e
[INFO] checking sleibrock/lpfx-rs against master#cfbc6d4cf1acbac5c025acf8ed68929caa551df3 for pr-75494-beta
[INFO] running `Command { std: "git" "clone" "/workspace/cache/git-repos/https%3A%2F%2Fgithub.com%2Fsleibrock%2Flpfx-rs" "/workspace/builds/worker-3/source", kill_on_drop: false }`
[INFO] [stderr] Cloning into '/workspace/builds/worker-3/source'...
[INFO] [stderr] done.
[INFO] validating manifest of git repo https://github.com/sleibrock/lpfx-rs on toolchain cfbc6d4cf1acbac5c025acf8ed68929caa551df3
[INFO] running `Command { std: "/workspace/cargo-home/bin/cargo" "+cfbc6d4cf1acbac5c025acf8ed68929caa551df3" "read-manifest" "--manifest-path" "Cargo.toml", kill_on_drop: false }`
[INFO] started tweaking git repo https://github.com/sleibrock/lpfx-rs
[INFO] finished tweaking git repo https://github.com/sleibrock/lpfx-rs
[INFO] tweaked toml for git repo https://github.com/sleibrock/lpfx-rs written to /workspace/builds/worker-3/source/Cargo.toml
[INFO] crate git repo https://github.com/sleibrock/lpfx-rs already has a lockfile, it will not be regenerated
[INFO] running `Command { std: "/workspace/cargo-home/bin/cargo" "+cfbc6d4cf1acbac5c025acf8ed68929caa551df3" "fetch" "--locked" "--manifest-path" "Cargo.toml", kill_on_drop: false }`
[INFO] [stderr] error: the lock file /workspace/builds/worker-3/source/Cargo.lock needs to be updated but --locked was passed to prevent this
[INFO] [stderr] If you want to try to generate the lock file without accessing the network, use the --offline flag.
[INFO] the lockfile is outdated, regenerating it
[INFO] running `Command { std: "/workspace/cargo-home/bin/cargo" "+cfbc6d4cf1acbac5c025acf8ed68929caa551df3" "generate-lockfile" "--manifest-path" "Cargo.toml" "-Zno-index-update", kill_on_drop: false }`
[INFO] running `Command { std: "/workspace/cargo-home/bin/cargo" "+cfbc6d4cf1acbac5c025acf8ed68929caa551df3" "fetch" "--locked" "--manifest-path" "Cargo.toml", kill_on_drop: false }`
[INFO] [stderr]  Downloading crates ...
[INFO] [stderr]   Downloaded portmidi v0.2.5
[INFO] running `Command { std: "docker" "create" "-v" "/var/lib/crater-agent-workspace/builds/worker-3/target:/opt/rustwide/target:rw,Z" "-v" "/var/lib/crater-agent-workspace/builds/worker-3/source:/opt/rustwide/workdir:ro,Z" "-v" "/var/lib/crater-agent-workspace/cargo-home:/opt/rustwide/cargo-home:ro,Z" "-v" "/var/lib/crater-agent-workspace/rustup-home:/opt/rustwide/rustup-home:ro,Z" "-e" "SOURCE_DIR=/opt/rustwide/workdir" "-e" "CARGO_TARGET_DIR=/opt/rustwide/target" "-e" "CARGO_HOME=/opt/rustwide/cargo-home" "-e" "RUSTUP_HOME=/opt/rustwide/rustup-home" "-w" "/opt/rustwide/workdir" "-m" "1610612736" "--user" "0:0" "--network" "none" "rustops/crates-build-env@sha256:a636fd89d022f18117e1dc8fb37a0a009933cdbbe082814857f0e2024962d47c" "/opt/rustwide/cargo-home/bin/cargo" "+cfbc6d4cf1acbac5c025acf8ed68929caa551df3" "metadata" "--no-deps" "--format-version=1", kill_on_drop: false }`
[INFO] [stderr] WARNING: Your kernel does not support swap limit capabilities or the cgroup is not mounted. Memory limited without swap.
[INFO] [stdout] a14d25d3d8a4be245222fc17ab4e96404bd528e33dceb6a46c36d178ebf06646
[INFO] running `Command { std: "docker" "start" "-a" "a14d25d3d8a4be245222fc17ab4e96404bd528e33dceb6a46c36d178ebf06646", kill_on_drop: false }`
[INFO] running `Command { std: "docker" "inspect" "a14d25d3d8a4be245222fc17ab4e96404bd528e33dceb6a46c36d178ebf06646", kill_on_drop: false }`
[INFO] running `Command { std: "docker" "rm" "-f" "a14d25d3d8a4be245222fc17ab4e96404bd528e33dceb6a46c36d178ebf06646", kill_on_drop: false }`
[INFO] [stdout] a14d25d3d8a4be245222fc17ab4e96404bd528e33dceb6a46c36d178ebf06646
[INFO] running `Command { std: "docker" "create" "-v" "/var/lib/crater-agent-workspace/builds/worker-3/target:/opt/rustwide/target:rw,Z" "-v" "/var/lib/crater-agent-workspace/builds/worker-3/source:/opt/rustwide/workdir:ro,Z" "-v" "/var/lib/crater-agent-workspace/cargo-home:/opt/rustwide/cargo-home:ro,Z" "-v" "/var/lib/crater-agent-workspace/rustup-home:/opt/rustwide/rustup-home:ro,Z" "-e" "SOURCE_DIR=/opt/rustwide/workdir" "-e" "CARGO_TARGET_DIR=/opt/rustwide/target" "-e" "CARGO_INCREMENTAL=0" "-e" "RUST_BACKTRACE=full" "-e" "RUSTFLAGS=--cap-lints=forbid" "-e" "CARGO_HOME=/opt/rustwide/cargo-home" "-e" "RUSTUP_HOME=/opt/rustwide/rustup-home" "-w" "/opt/rustwide/workdir" "-m" "1610612736" "--user" "0:0" "--network" "none" "rustops/crates-build-env@sha256:a636fd89d022f18117e1dc8fb37a0a009933cdbbe082814857f0e2024962d47c" "/opt/rustwide/cargo-home/bin/cargo" "+cfbc6d4cf1acbac5c025acf8ed68929caa551df3" "check" "--frozen" "--all" "--all-targets" "--message-format=json", kill_on_drop: false }`
[INFO] [stdout] 1877cf663f930d4cbf0d4ae9be862cfa5eef842ed275f313b65d6e52d36e4c4e
[INFO] [stderr] WARNING: Your kernel does not support swap limit capabilities or the cgroup is not mounted. Memory limited without swap.
[INFO] running `Command { std: "docker" "start" "-a" "1877cf663f930d4cbf0d4ae9be862cfa5eef842ed275f313b65d6e52d36e4c4e", kill_on_drop: false }`
[INFO] [stderr]     Blocking waiting for file lock on package cache
[INFO] [stderr]    Compiling libc v0.2.76
[INFO] [stderr]     Checking portmidi v0.2.5
[INFO] [stderr]     Checking atty v0.2.14
[INFO] [stderr]     Checking clap v2.33.3
[INFO] [stderr]     Checking lpfx v0.3.0 (/opt/rustwide/workdir)
[INFO] [stdout] error[E0106]: missing lifetime specifier
[INFO] [stdout]  --> src/devices/device.rs:8:20
[INFO] [stdout]   |
[INFO] [stdout] 8 |     pub input: pm::InputPort,
[INFO] [stdout]   |                    ^^^^^^^^^ expected named lifetime parameter
[INFO] [stdout]   |
[INFO] [stdout] help: consider introducing a named lifetime parameter
[INFO] [stdout]   |
[INFO] [stdout] 7 | pub struct DeviceT<'a> {
[INFO] [stdout] 8 |     pub input: pm::InputPort<'a>,
[INFO] [stdout]   |
[INFO] [stdout] 
[INFO] [stdout] 
[INFO] [stdout] error[E0106]: missing lifetime specifier
[INFO] [stdout]  --> src/devices/device.rs:9:21
[INFO] [stdout]   |
[INFO] [stdout] 9 |     pub output: pm::OutputPort,
[INFO] [stdout]   |                     ^^^^^^^^^^ expected named lifetime parameter
[INFO] [stdout]   |
[INFO] [stdout] help: consider introducing a named lifetime parameter
[INFO] [stdout]   |
[INFO] [stdout] 7 | pub struct DeviceT<'a> {
[INFO] [stdout] 8 |     pub input: pm::InputPort,
[INFO] [stdout] 9 |     pub output: pm::OutputPort<'a>,
[INFO] [stdout]   |
[INFO] [stdout] 
[INFO] [stdout] 
[INFO] [stdout] error[E0106]: missing lifetime specifier
[INFO] [stdout]  --> src/devices/device.rs:8:20
[INFO] [stdout]   |
[INFO] [stdout] 8 |     pub input: pm::InputPort,
[INFO] [stdout]   |                    ^^^^^^^^^ expected named lifetime parameter
[INFO] [stdout]   |
[INFO] [stdout] help: consider introducing a named lifetime parameter
[INFO] [stdout]   |
[INFO] [stdout] 7 | pub struct DeviceT<'a> {
[INFO] [stdout] 8 |     pub input: pm::InputPort<'a>,
[INFO] [stdout]   |
[INFO] [stdout] 
[INFO] [stdout] 
[INFO] [stdout] error[E0106]: missing lifetime specifier
[INFO] [stdout]  --> src/devices/device.rs:9:21
[INFO] [stdout]   |
[INFO] [stdout] 9 |     pub output: pm::OutputPort,
[INFO] [stdout]   |                     ^^^^^^^^^^ expected named lifetime parameter
[INFO] [stdout]   |
[INFO] [stdout] help: consider introducing a named lifetime parameter
[INFO] [stdout]   |
[INFO] [stdout] 7 | pub struct DeviceT<'a> {
[INFO] [stdout] 8 |     pub input: pm::InputPort,
[INFO] [stdout] 9 |     pub output: pm::OutputPort<'a>,
[INFO] [stdout]   |
[INFO] [stdout] 
[INFO] [stdout] 
[INFO] [stdout] error[E0063]: missing field `data3` in initializer of `traits::pm::MidiMessage`
[INFO] [stdout]   --> src/devices/device.rs:58:39
[INFO] [stdout]    |
[INFO] [stdout] 58 |     let v = (*self).output.write_message(pm::MidiMessage {
[INFO] [stdout]    |                                          ^^^^^^^^^^^^^^^ missing `data3`
[INFO] [stdout] 
[INFO] [stdout] 
[INFO] [stdout] error[E0063]: missing field `data3` in initializer of `traits::pm::MidiMessage`
[INFO] [stdout]   --> src/devices/device.rs:58:39
[INFO] [stdout]    |
[INFO] [stdout] 58 |     let v = (*self).output.write_message(pm::MidiMessage {
[INFO] [stdout]    |                                          ^^^^^^^^^^^^^^^ missing `data3`
[INFO] [stdout] 
[INFO] [stdout] 
[INFO] [stdout] error: aborting due to 3 previous errors
[INFO] [stdout] 
[INFO] [stdout] 
[INFO] [stderr] error: could not compile `lpfx`.
[INFO] [stdout] Some errors have detailed explanations: E0063, E0106.
[INFO] [stdout] 
[INFO] [stderr] 
[INFO] [stdout] For more information about an error, try `rustc --explain E0063`.
[INFO] [stdout] 
[INFO] [stderr] To learn more, run the command again with --verbose.
[INFO] [stdout] error: aborting due to 3 previous errors
[INFO] [stdout] 
[INFO] [stdout] 
[INFO] [stderr] warning: build failed, waiting for other jobs to finish...
[INFO] [stdout] Some errors have detailed explanations: E0063, E0106.
[INFO] [stdout] 
[INFO] [stdout] For more information about an error, try `rustc --explain E0063`.
[INFO] [stdout] 
[INFO] [stderr] error: build failed
[INFO] running `Command { std: "docker" "inspect" "1877cf663f930d4cbf0d4ae9be862cfa5eef842ed275f313b65d6e52d36e4c4e", kill_on_drop: false }`
[INFO] running `Command { std: "docker" "rm" "-f" "1877cf663f930d4cbf0d4ae9be862cfa5eef842ed275f313b65d6e52d36e4c4e", kill_on_drop: false }`
[INFO] [stdout] 1877cf663f930d4cbf0d4ae9be862cfa5eef842ed275f313b65d6e52d36e4c4e
